-4*w. What is the remainder when 101 is divided by w?
33
Suppose 0 = -5*k - v + 121, -3*k + 4*v - 1 + 69 = 0. Calculate the remainder when 84 is divided by k.
12
Let p = -11 + 9. Let o(k) = -k**3 + 4*k**2 + 8*k. Let n be o(6). What is the remainder when p*(-63)/n*-8 is divided by 11?
9
Let b(t) = -t**2 - 8*t + 4. Let x be b(-8). Calculate the remainder when (-1258)/(-17)*2/x is divided by 13.
11
Let o = 84 + -82. Suppose -o*w + 37 = -51. Calculate the remainder when w is divided by 17.
10
Suppose p - 5*c = 5, p + 3*c + 3 = -p. Suppose 3*q = -p*q + 18. Calculate the remainder when (27 - -6)*(-2 - -1 - -2) is divided by q.
3
Suppose 109 = 5*w + 3*a + 12, 0 = -5*a - 5. Suppose j = 5*g - 61 + 1, w = -4*j. Calculate the remainder when 32 is divided by g.
10
Let o be 4/(-10) + (-48)/(-20). Suppose -o*b = 10, -3*u + b + 4 = -7. Suppose -u*g + 0*g + 76 = 0. Calculate the remainder when g is divided by 14.
10
Suppose -4*d + 2*x + x = -96, -5*d + 5*x + 120 = 0. Calculate the remainder when d is divided by 4.
0
Let d = 4 + 14. Suppose d = -2*s + 5*i, s + s - i + 2 = 0. Let g(m) = 15*m**2 + m - 1. Calculate the remainder when 27 is divided by g(s).
12
Let q(u) = 5*u + 2. Suppose 14 = -2*n + 110. What is the remainder when n is divided by q(3)?
14
Suppose 2*x = -2*s + 102, -5*s + 2*x + 72 = -218. Calculate the remainder when 218 is divided by s.
50
Let z = -28 + 34. Suppose f = -z + 19. What is the remainder when 89 is divided by f?
11
What is the remainder when ((-214)/6)/((-3)/9) is divided by 2608/72 - 2/9?
35
Suppose i = 2*t + 81, 0*t + t = 4*i - 30. Let u = -5 - t. What is the remainder when u is divided by 81/4 - (-3)/(-12)?
17
Let l(v) = 8*v. Let d = -5 - -32. What is the remainder when d is divided by l(1)?
3
Let k(t) = 6*t - 18. Let l be k(3). Calculate the remainder when 69 is divided by 2 + (-2 - l) - (-34 + 16).
15
Let h(m) = m**3 - 12*m**2 + m - 9. Suppose r = 13 - 1. Let z be h(r). Suppose 0 = -y - z*y + 24. What is the remainder when 10 is divided by y?
4
Suppose -21*w = -615 + 69. Calculate the remainder when 154 is divided by w.
24
Calculate the remainder when 7 is divided by 35/(-21)*36/(-15).
3
Let l(c) = c**2 - 8*c + 25. What is the remainder when 48 is divided by l(3)?
8
Suppose 5*d + t = 2*t + 38, t + 17 = 2*d. Let o(z) = z**3 - 10*z**2 + 8*z + 13. What is the remainder when d is divided by o(9)?
3
Let h be (-104)/(-3 + 1) - 2. Suppose -10*v + 0*v + h = 0. What is the remainder when 13 is divided by v?
3
Suppose 294 = -5*f + 39. Calculate the remainder when (-1)/((-6)/f)*-2 is divided by 9.
8
Let r = 46 - 17. Let i(y) = y**3 - 3*y**2 + 3*y - 4. Let z be i(3). Suppose 3*o = z*a + 58, 3*o - 3*a = 8*o - 74. What is the remainder when r is divided by o?
13
Let d(h) = 3*h**2 - 2*h + 1. Let g be (6/15)/((-4)/100). What is the remainder when ((-39)/(-6))/((-1)/g) is divided by d(3)?
21
Let n be -2 + 4 + 2 + 4. Suppose -9*m = -n*m - 17. What is the remainder when 32 is divided by m?
15
Let p(s) = -s**3 - s**2 + 1. Let f be p(0). Let k(c) = 33*c + 1. What is the remainder when 101 is divided by k(f)?
33
Let w(i) = 8*i - 3*i + i - 5 - 17. Let s be (1 - 10/6)*(-11 + 2). Calculate the remainder when w(s) is divided by 4.
2
Let u(c) = -6*c**2 - 3*c + 3. Let i be u(1). Let n(v) = -v**3 - 7*v**2 - 7*v + 3. Calculate the remainder when n(i) is divided by 3 - (1/(-1) + -1).
4
Let f(p) = 8*p - 166. What is the remainder when 48 is divided by f(24)?
22
Let u = 11 - 16. What is the remainder when 19 is divided by 17 - (u - (-11 + 2))?
6
Let l = -34 + 89. Let f be (1 - -1)*(-3)/(-2). What is the remainder when l is divided by 1 + 10 + (f - 0)?
13
Suppose 342 + 102 = 6*u. What is the remainder when 207 is divided by u?
59
Let n(t) = 9*t - 20. Calculate the remainder when 73 is divided by n(3).
3
Let s(x) = -x**3 - 5*x**2 - 4*x - 3. Let c(m) = m**2 - 9*m + 5. Suppose -81*k - 18 = -83*k. Calculate the remainder when s(-5) is divided by c(k).
2
Suppose -l + 2 - 4 = -2*t, 3*l + 4 = 5*t. Suppose -k - 3*y + 10 = 2*y, t*k = y + 20. What is the remainder when 48 is divided by k?
8
Suppose -701 = -5*f + a, -2*f + 3*a = 7*a - 298. Calculate the remainder when f is divided by 18.
15
Let o = -57 - -47. Calculate the remainder when (-452)/6*(135/o)/9 is divided by 29.
26
Suppose 4*u + 14*u - 162 = 0. Calculate the remainder when 105 is divided by u.
6
Suppose 2*a = -5*d + 6*a + 11, -7 = -4*d + 5*a. What is the remainder when 54 is divided by 2/(d/(-84)*-4)?
12
What is the remainder when 62 is divided by (-161)/(-5) - 3/75*5?
30
Let f(k) = 3*k - 17. Let q be f(7). Suppose 4*j - p - q*p = 52, 42 = 3*j - 3*p. What is the remainder when j is divided by 10/3*(4 + -1)?
8
Calculate the remainder when (-52)/(-3) - (10/(-15))/1 is divided by 7.
4
Let b(u) = u**3 + 5*u**2 - 2*u + 7. Let c be 2332/(-484) + (1 - (-26)/(-22)). Calculate the remainder when (31/(-3))/((-2)/6) is divided by b(c).
14
Let u = -21 - -29. Let g be 143/3 - u/(-6). Suppose 251 = 4*d - g. What is the remainder when d is divided by 19?
18
Let t(x) be the first derivative of x**3/3 + 3*x**2 - 18*x - 17. Calculate the remainder when 42 is divided by t(-9).
6
Let d = -3 + 12. Calculate the remainder when (-3)/(-6)*120/1 is divided by d.
6
Suppose -2*n = -5*u + 3*n - 25, 4*u + 2*n = 4. What is the remainder when (3*u)/(2*(-6)/92) is divided by 6?
5
Let j(y) = -y**3 + 7*y**2 + 4. Let z(s) = s - s**2 - 2 - s + 3*s**3 - 4*s**3 - s. Calculate the remainder when j(5) is divided by z(-3).
16
Let c(p) = p**3 + 2*p**2 - 2*p - 14. Calculate the remainder when c(5) is divided by 8.
7
Suppose 0 = 4*t - 2*h + 92 - 522, 4*t = -4*h + 436. Calculate the remainder when t is divided by 29.
21
Let a be (4 - 1)/(12/(-8)). Let v(d) = -5*d**2 + 527*d**3 - 526*d**3 + 2 + 10*d**2 + 3*d. Calculate the remainder when v(a) is divided by 3.
2
Let b = 153 - 145. What is the remainder when 102 is divided by b?
6
Let j = 2144 - 1220. What is the remainder when j is divided by 103?
100
Suppose -2*g - 310 = -7*g. What is the remainder when g is divided by 2440/100 - 4/10?
14
Suppose 4*c = f + 240, 4*f - 321 = 4*c - 9*c. Suppose 58*k - 1166 = -238. Calculate the remainder when c is divided by k.
13
Suppose -2*g = -5*g + 912. What is the remainder when g is divided by 83?
55
Let h(b) = -15*b - 288. What is the remainder when 153 is divided by h(-20)?
9
Let n(r) = r**3 + 4*r**2 - 5*r + 2. Suppose -3*a - l - 9 = 0, -l + 8 + 7 = -3*a. What is the remainder when 41 is divided by n(a)?
19
Let o(g) = -6*g**3 - 2*g. Let z = -7 - -260. Suppose 19 - z = -13*d. What is the remainder when o(-2) is divided by d?
16
Suppose -24 = 3*s + s. Let a = s - -11. Suppose 3*z - 3 - 3 = -2*y, a*y + 5*z - 15 = 0. Calculate the remainder when 12 is divided by y.
0
Suppose 0 = 8*k + 46*k - 2106. Suppose -m - t = 2*t - 76, -m + 2*t + 76 = 0. What is the remainder when m is divided by k?
37
Calculate the remainder when 54 is divided by (60/25)/(92/40 + -2).
6
Let c(k) = 63*k + 380. Let w(v) = -v**3 - 4*v**2 - 2*v + 2. Let h be w(-3). What is the remainder when 2*-1*(h + 0) is divided by c(-6)?
0
Suppose -2*k = 2*k - y - 41, 5*k + 2*y = 61. Suppose -11*j = -10*j + 2. What is the remainder when k is divided by j/(-1)*(-6)/(-4)?
2
Suppose 0*f + 2*f - 4*h = 154, f - 83 = 4*h. What is the remainder when f is divided by 26?
19
Let b = -27 + 69. Let q(z) = z + 7. Let t = 6 + -2. Calculate the remainder when b is divided by q(t).
9
Let i = 2 + -1. Let r(q) = -2*q - 6. Let s be r(-2). What is the remainder when (-126)/(-12) - i/s is divided by 5?
1
Suppose x + y - 43 = -x, x + 3*y - 14 = 0. What is the remainder when 87 is divided by x?
18
Let s = -507 + 510. What is the remainder when 73 is divided by s?
1
Suppose 0 = 3*b + 23 - 206. Calculate the remainder when 241 is divided by b.
58
Let y be ((-68)/51)/((-1)/3). Suppose -y*o - 4*q + 10 = -6, 0 = 2*q - 6. What is the remainder when 1 is divided by o?
0
Suppose 923 = 217*a - 3417. Suppose 175 = 3*s + 4*r, 3*s - 69 = 2*s - 4*r. Calculate the remainder when s is divided by a.
13
Suppose -5*k = -3*r - 237, -35*r + 36*r = 1. Calculate the remainder when k is divided by 28.
20
Let d = 76 - 45. Let o be ((-4)/(-10))/(4/20). Suppose 0 = -4*y + o*y + 34. Calculate the remainder when d is divided by y.
14
Let l = 190 - 150. Calculate 